
59
Calculate the remainder when 2067 is divided by 19.
15
Calculate the remainder when 2615 is divided by 11.
8
Calculate the remainder when 615 is divided by 299.
17
What is the remainder when 340 is divided by 140?
60
Calculate the remainder when 82 is divided by 25.
7
What is the remainder when 5094 is divided by 14?
12
What is the remainder when 4503 is divided by 1496?
15
Calculate the remainder when 267 is divided by 87.
6
Calculate the remainder when 376 is divided by 24.
16
What is the remainder when 135 is divided by 23?
20
What is the remainder when 526 is divided by 4?
2
What is the remainder when 271 is divided by 79?
34
Calculate the remainder when 85 is divided by 16.
5
What is the remainder when 1703 is divided by 231?
86
What is the remainder when 1307 is divided by 22?
9
Calculate the remainder when 244 is divided by 229.
15
Calculate the remainder when 82 is divided by 30.
22
Calculate the remainder when 386 is divided by 40.
26
Calculate the remainder when 360 is divided by 52.
48
Calculate the remainder when 453 is divided by 34.
11
Calculate the remainder when 52 is divided by 10.
2
Calculate the remainder when 341 is divided by 114.
113
Calculate the remainder when 34 is divided by 7.
6
Calculate the remainder when 176 is divided by 12.
8
What is the remainder when 284 is divided by 36?
32
What is the remainder when 2255 is divided by 61?
59
Calculate the remainder when 60864 is divided by 37.
36
What is the remainder when 165 is divided by 44?
33
What is the remainder when 69 is divided by 66?
3
Calculate the remainder when 237 is divided by 14.
13
Calculate the remainder when 19719 is divided by 163.
159
What is the remainder when 154 is divided by 4?
2
Calculate the remainder when 80 is divided by 41.
39
What is the remainder when 1 is divided by 1?
0
Calculate the remainder when 212 is divided by 34.
8
Calculate the remainder when 89 is divided by 23.
20
What is the remainder when 1357 is divided by 67?
17
What is the remainder when 103 is divided by 15?
13
What is the remainder when 76632 is divided by 65?
62
Calculate the remainder when 250 is divided by 82.
4
Calculate the remainder when 250 is divided by 20.
10
What is the remainder when 567 is divided by 8?
7
What is the remainder when 1614 is divided by 27?
21
What is the remainder when 64 is divided by 11?
9
Calculate the remainder when 383 is divided by 64.
63
What is the remainder when 59 is divided by 20?
19
Calculate the remainder when 5414 is divided by 73.
12
Calculate the remainder when 458 is divided by 33.
29
What is the remainder when 759 is divided by 378?
3
What is the remainder when 853 is divided by 66?
61
What is the remainder when 706 is divided by 142?
138
What is the remainder when 92 is divided by 12?
8
What is the remainder when 364 is divided by 122?
120
What is the remainder when 221 is divided by 127?
94
Calculate the remainder when 2041 is divided by 544.
409
What is the remainder when 232 is divided by 47?
44
What is the remainder when 487 is divided by 154?
25
Calculate the remainder when 232 is divided by 20.
12
Calculate the remainder when 129 is divided by 115.
14
Calculate the remainder when 32698 is divided by 150.
148
Calculate the remainder when 3444 is divided by 687.
9
What is the remainder when 74 is divided by 4?
2
Calculate the remainder when 305 is divided by 6.
5
What is the remainder when 16 is divided by 8?
0
Calculate the remainder when 705 is divided by 143.
133
Calculate the remainder when 236 is divided by 47.
1
What is the remainder when 1403 is divided by 36?
35
Calculate the remainder when 156 is divided by 16.
12
What is the remainder when 567 is divided by 25?
17
Calculate the remainder when 547 is divided by 33.
19
What is the remainder when 48 is divided by 47?
1
What is the remainder when 8141 is divided by 17?
15
Calculate the remainder when 4279 is divided by 329.
2
Calculate the remainder when 6197 is divided by 39.
35
Calculate the remainder when 250 is divided by 7.
5
What is the remainder when 288 is divided by 37?
29
Calculate the remainder when 432 is divided by 99.
36
Calculate the remainder when 92 is divided by 15.
2
What is the remainder when 22678 is divided by 72?
70
Calculate the remainder when 38 is divided by 27.
11
What is the remainder when 412 is divided by 169?
74
What is the remainder when 87 is divided by 8?
7
Calculate the remainder when 589 is divided by 294.
1
Calculate the remainder when 1304 is divided by 418.
50
What is the remainder when 848 is divided by 19?
12
What is the remainder when 424 is divided by 17?
16
Calculate the remainder when 236 is divided by 14.
12
Calculate the remainder when 28761 is divided by 36.
33
Calculate the remainder when 980 is divided by 58.
52
Calculate the remainder when 397 is divided by 176.
45
Calculate the remainder when 898 is divided by 8.
2
Calculate the remainder when 953 is divided by 80.
73
Calculate the remainder when 21 is divided by 4.
1
Calculate the remainder when 1009 is divided by 23.
20
Calculate the remainder when 556 is divided by 8.
4
Calculate the remainder when 3926 is divided by 976.
22
What is the remainder when 115 is divided by 20?
15
Calculate the remainder when 81 is divided by 41.
40
Calculate the remainder when 1076 is divided by 40.
36
What is the remainder when 7117 is divided by 89?
86
Calculate the remainder when 2420 is divided by 32.
20
What is the remainder when 98 is divided by 11?
10
Calculate the remainder when 1325 is divided by 121.
115
Calculate the remainder when 2234 is divided by 86.
84
What is the remainder when 1018 is divided by 335?
13
What is the remainder when 656 is divided by 67?
53
What is the remainder when 41 is divided by 8?
1
Calculate the remainder when 69 is divided by 27.
15
Calculate the remainder when 1091 is divided by 1080.
11
Calculate the remainder when 2043 is divided by 246.
75
Calculate the remainder when 861 is divided by 16.
13
What is the remainder when 437 is divided by 89?
81
Calculate the remainder when 892 is divided by 128.
124
What is the remainder when 9016 is divided by 9?
7
What is the remainder when 76 is divided by 40?
36
What is the remainder when 7042 is divided by 29?
24
Calculate the remainder when 22284 is divided by 23.
20
Calculate the remainder when 32 is divided by 5.
2
What is the remainder when 521 is divided by 132?
125
What is the remainder when 216 is divided by 82?
52
Calculate the remainder when 315 is divided by 35.
0
What is the remainder when 5589 is divided by 329?
325
What is the remainder when 1940 is divided by 81?
77
What is the remainder when 72 is divided by 65?
7
What is the remainder when 253 is divided by 92?
69
What is the remainder when 6249 is divided by 25?
24
Calculate the remainder when 208 is divided by 10.
8
Calculate the remainder when 82 is divided by 23.
13
Calculate the remainder when 224 is divided by 9.
8
What is the remainder when 274 is divided by 70?
64
Calculate the remainder when 431 is divided by 143.
2
Calculate the remainder when 364 is divided by 59.
10
Calculate the remainder when 1609 is divided by 460.
229
What is the remainder when 4705 is divided by 44?
41
Calculate the remainder when 636 is divided by 49.
48
What is the remainder when 1273 is divided by 12?
1
What is the remainder when 215 is divided by 189?
26
What is the remainder when 6417 is divided by 42?
33
What is the remainder when 49 is divided by 13?
10
What is the remainder when 861 is divided by 32?
29
Calculate the remainder when 138 is divided by 37.
27
Calculate the remainder when 1816 is divided by 52.
48
What is the remainder when 433 is divided by 104?
17
What is the remainder when 904 is divided by 104?
72
What is the remainder when 920 is divided by 152?
8
Calculate the remainder when 441 is divided by 12.
9
What is the remainder when 547 is divided by 79?
73
What is the remainder when 3371 is divided by 25?
21
Calculate the remainder when 137 is divided by 121.
16
What is the remainder when 85 is divided by 20?
5
What is the remainder when 221 is divided by 9?
5
Calculate the remainder when 1677 is divided by 35.
32
Calculate the remainder when 1668 is divided by 88.
84
What is the remainder when 466 is divided by 18?
16
What is 